1
In base 16, what is -11 - 9d?
-ae
In base 9, what is -1 + -257?
-258
In base 14, what is 4 - -7a?
80
In base 6, what is -3 + -30055?
-30102
In base 13, what is -393 + 13?
-380
In base 12, what is -4bb - 11?
-510
In base 8, what is 3 + 2223?
2226
In base 15, what is cab - -3?
cae
In base 9, what is -7537 - -2?
-7535
In base 10, what is 3049 + -7?
3042
In base 8, what is 2 + -127?
-125
In base 2, what is 10 + -111110?
-111100
In base 6, what is -1 - 135?
-140
In base 13, what is -5 - 7?
-c
In base 9, what is 4 - -2685?
2700
In base 8, what is 0 - 26?
-26
In base 8, what is 1065 + 41?
1126
In base 10, what is -1363 - 1?
-1364
In base 4, what is -22 + 12?
-10
In base 11, what is 6 - 2430?
-2425
In base 12, what is -4596 - 1?
-4597
In base 13, what is 37 - -20?
57
In base 13, what is 0 - -b?
b
In base 2, what is 1100 - 1110110?
-1101010
In base 15, what is ce + -29?
a5
In base 6, what is -305012 - 0?
-305012
In base 3, what is -21212 - -12?
-21200
In base 7, what is -6351 - -2?
-6346
In base 4, what is 122 + 3?
131
In base 3, what is -11 - -201120?
201102
In base 12, what is -48 + 7?
-41
In base 5, what is 1 - -1403?
1404
In base 2, what is 10011001 + -1111?
10001010
In base 9, what is -1 - -67?
66
In base 3, what is -21 + 212?
121
In base 13, what is -4 - -2b9?
2b5
In base 11, what is -3511 + 2?
-350a
In base 16, what is -1f - -39?
1a
In base 9, what is 15 - 102?
-76
In base 5, what is -1 + -3042?
-3043
In base 10, what is 100 + 3?
103
In base 14, what is -5 - -5d8?
5d3
In base 12, what is 3b7 + 5?
400
In base 9, what is 78 - -10?
88
In base 5, what is 100 - -144?
244
In base 4, what is -201 - 0?
-201
In base 13, what is -11 - 4?
-15
In base 15, what is -bb - -8?
-b3
In base 9, what is 20 - -4?
24
In base 8, what is 4032 + -5?
4025
In base 16, what is -40 + 6?
-3a
In base 15, what is -36 - 2?
-38
In base 15, what is 1a00 - 1?
19ee
In base 10, what is -177 + -19?
-196
In base 8, what is -10026 + 0?
-10026
In base 11, what is -189 + -51?
-22a
In base 12, what is -64 - 74?
-118
In base 14, what is -53 - 1d?
-72
In base 9, what is 318 + 0?
318
In base 6, what is 1520 + 12?
1532
In base 10, what is 2 - -177?
179
In base 15, what is -3 - -4e?
4b
In base 8, what is -11 - 217?
-230
In base 2, what is -100001101 - -11?
-100001010
In base 7, what is -2 - -2654?
2652
In base 10, what is 103 - 12?
91
In base 5, what is -4 - 120?
-124
In base 14, what is 9 - -220?
229
In base 13, what is -35 - -b?
-27
In base 15, what is 11 + 5?
16
In base 10, what is 1929 + -4?
1925
In base 15, what is 18 - -42?
5a
In base 16, what is 7a - -8?
82
In base 11, what is a + 12?
21
In base 6, what is 322 + -21?
301
In base 16, what is 57 + 4?
5b
In base 5, what is -41 - 23?
-114
In base 5, what is -2 - 113334?
-113341
In base 9, what is -70 + -47?
-127
In base 12, what is 4ba - 3?
4b7
In base 9, what is 257 - 60?
187
In base 2, what is -10011010 + 11?
-10010111
In base 6, what is 301 + -430?
-125
In base 2, what is -10001 - -110?
-1011
In base 15, what is d0c + 2?
d0e
In base 16, what is -2 - -33f?
33d
In base 15, what is 5c2 - 4?
5bd
In base 11, what is 6 + -852?
-847
In base 11, what is -965 - -5?
-960
In base 6, what is 5 + 312?
321
In base 14, what is -36c + 0?
-36c
In base 15, what is 2105 - -2?
2107
In base 10, what is 4 + 310?
314
In base 3, what is -11 + 10211?
10200
In base 15, what is 5 + 100?
105
In base 4, what is -102221 - 2?
-102223
In base 14, what is -4 + -4b?
-51
In base 13, what is 3 + 39?
3c
In base 11, what is -1a2 + -5?
-1a7
In base 14, what is -1d - 0?
-1d
In base 6, what is -3 + -20?
-23
In base 11, what is 0 - -28?
28
In base 4, what is -12 + -3001?
-3013
In base 3, what is 2121 + -12111?
-2220
In base 11, what is -4a2 - 1a?
-511
In base 10, what is 0 - 439?
-439
In base 3, what is -12 + -2210?
-2222
In base 10, what is 34 - 8?
26
In base 9, what is 4235 - 1?
4234
In base 10, what is -5 + 4910?
4905
In base 14, what is -5 + 320?
319
In base 10, what is 6 + -31?
-25
In base 15, what is a0 - b?
94
In base 7, what is 5010 + -2?
5005
In base 16, what is -809 - -5?
-804
In base 5, what is 1000 - -41?
1041
In base 5, what is -100314 + 4?
-100310
In base 9, what is 0 - 4?
-4
In base 3, what is -2100 - 112?
-2212
In base 6, what is -4 + 204?
200
In base 3, what is -10010 + 110?
-2200
In base 3, what is 20100 - 10?
20020
In base 14, what is -5 + -462?
-467
In base 4, what is -22 - -2200?
2112
In base 14, what is 0 + -1d4?
-1d4
In base 16, what is -47 - e?
-55
In base 5, what is 21403 + 2?
21410
In base 3, what is 22020100 - 10?
22020020
In base 3, what is 11212 - 10?
11202
In base 6, what is -205 - -32?
-133
In base 3, what is 202222 - 2?
202220
In base 8, what is -33270 + -4?
-33274
In base 2, what is -100110 + -1101?
-110011
In base 15, what is 135 - -3?
138
In base 10, what is -1 + 51?
50
In base 11, what is 137 + -5?
132
In base 13, what is -429 - -4?
-425
In base 13, what is -33a - -8?
-332
In base 7, what is -210 + 124?
-53
In base 8, what is 0 + 447?
447
In base 3, what is 10001 - -1?
10002
In base 8, what is 11024 - 4?
11020
In base 4, what is 1 - -1301?
1302
In base 15, what is -3 + -d0?
-d3
In base 15, what is b07 - -5?
b0c
In base 5, what is 10 - 431?
-421
In base 15, what is 4a + 18?
63
In base 8, what is -64 - 77?
-163
In base 12, what is 0 + 1229?
1229
In base 7, what is -2 + -54?
-56
In base 11, what is -7 - -51?
45
In base 9, what is -120 + -3?
-123
In base 11, what is -3 - -55?
52
In base 4, what is -10 - -202?
132
In base 7, what is 1113 + 2?
1115
In base 13, what is 639 - 2?
637
In base 12, what is 197 + -1?
196
In base 13, what is -7 + -204?
-20b
In base 3, what is -1 + -12212200?
-12212201
In base 15, what is 8 - -4b?
54
In base 4, what is 1 + 113202?
113203
In base 5, what is -30130 + 2?
-30123
In base 6, what is -3 - 24451?
-24454
In base 16, what is -87 + 9?
-7e
In base 16, what is -2b0 - 3?
-2b3
In base 15, what is 1a + -15?
5
In base 13, what is b + -38?
-2a
In base 15, what is 1 + 50?
51
In base 12, what is -29 + -37?
-64
In base 8, what is -172 + 25?
-145
In base 12, what is 50 - -15?
65
In base 9, what is -2 - -381?
378
In base 12, what is -6 - 62?
-68
In base 11, what is 2704 - 3?
2701
In base 16, what is -2 - c?
-e
In base 15, what is -7e3 - 2?
-7e5
In base 3, what is -20021 + -20?
-20111
In base 11, what is 15a - 7?
153
In base 10, what is -222 + -80?
-302
In base 6, what is 1555 - 4?
1551
In base 4, what is -20 - 32312?
-32332
In base 8, what is -21 - -33?
12
In base 9, what is 37 - 35?
2
In base 15, what is -1 + -5a?
-5b
In base 14, what is -4 + 1c46?
1c42
In base 11, what is 2514 - 5?
250a
In base 13, what is -5 + 40?
38
In base 3, what is -1110220 + -1?
-1110221
In base 2, what is 1000 + 1001?
10001
In base 5, what is -32 - 33?
-120
In base 2, what is 111 + -101010011?
-101001100
In base 7, what is 3 + -411?
-405
In base 2, what is -111100 + -10000?
-1001100
In base 13, what is 2 + 2209?
220b
In base 7, what is 1551 + -4?
1544
In base 3, what is 11 + 10212?
11000
In base 2, what is 1010 + 10011000011?
10011001101
In base 8, what is 205 + -205?
0
In base 9, what is -626 - 0?
-626
In base 5, what is -24 + 10?
-14
In base 8, what is 1164 + -3?
1161
In base 11, what is -6 + -297?
-2a2
In base 8, what is -105 + -10?
-115
In base 3, what is 100010 + 1?
100011
In base 8, what is 5 + 275?
302
In base 16, what is -13 + -3?
-16
In base 12, what is 5 + -127?
-122
In base 9, what is -26 - 33?
-60
In base 12, what is 413 - 1?
412
In base 6, what is 100143 + 0?
100143
In base 2, what is 1010011101 - 10?
1010011011
In base 10, what is -3336 - -3?
-3333
In base 11, what is 5 - -89?
93
In base 16, what is -80 - -1?
-7f
In base 14, what is -7035 + -2?
-7037
In base 13, what is 8 + -12a?
-122
In base 7, what is 1653 - 2?
1651
In base 13, what is 232 + 4?
236
In base 4, what is 1 + 200232?
200233
In base 10, what is -23 - 11?
-34
In base 9, what is -1125 + 0?
-1125
In base 13, what is -2a6 - -2?
-2a4
In base 14, what is -2 + -3?
-5
In base 13, what is 1 + 345c?
3460
In base 13, what is 3 + -1461?
-145b
In base 15, what is -5 + -40?
-45
In base 11, what is 171 - 8?
164
In base 5, what is 14 - 24?
-10
In base 15, what is 117 + -12?
105
In base 15, what is -1 - 3b?
-3c
In base 12, what is 24 + -14?
10
In base 9, what is 1 - -1432?
1433
In base 14